e first derivative of -u**3/3 - u**2/2 + 14*u - 7. Let g be a(0). Calculate the highest common factor of 70 and g.
14
Let f(y) = -4*y. Let h be f(-2). Suppose -112 = -h*l + 4*l. Calculate the greatest common divisor of l and 42.
14
Let y be (3 + 2)*(-6)/10. Let b = y - 0. Let a be 1*(2 + b)*-10. What is the highest common factor of 5 and a?
5
Suppose -3*p = -5 - 1. Suppose -p*z = 3*g - 3*z + 9, -2*g + 5*z + 7 = 0. Let v be 14/8 - 1/g. What is the greatest common divisor of v and 22?
2
Suppose t + 4*t + 4*b = -27, -25 = 5*t + 5*b. Let g be ((-20)/t)/((-16)/(-56)). What is the highest common divisor of 10 and g?
10
Let p be 2/4*-2 + 5. What is the highest common divisor of 2 and p?
2
Let g be (1/(-2))/((-78)/208)*15. Suppose 60 = -b + 3*b. What is the highest common divisor of g and b?
10
Let l = 5 - 12. Let u = 7 + l. Suppose y + y - 224 = u. What is the highest common factor of 14 and y?
14
Let n = -57 - -29. Let z = -15 - n. Calculate the highest common factor of z and 39.
13
Suppose -12*q + 8*q = -84. What is the greatest common divisor of q and 6?
3
Let s be (-81)/24*-6 - (-7)/(-28). Calculate the greatest common divisor of s and 5.
5
Let g(q) = -3*q + 46. Let f be g(0). Suppose 2*h - 63 = -3*a, 2*h + 2*h - 57 = -3*a. What is the highest common divisor of a and f?
23
Let d be (1 - -4)*(-54)/(-10). Calculate the highest common factor of d and 54.
27
Suppose -5*a - 5*q + 735 = 0, -151 = -a - 2*q - 2. Calculate the highest common factor of a and 29.
29
Let a = 101 - 31. Let o(x) = x**2 - 7*x + 8. Let y be o(6). Let z(f) = 5*f**2 - 4*f + 2. Let i be z(y). Calculate the highest common factor of i and a.
14
Let g = 6 + -6. Suppose -3*d + g*d = -135. Calculate the greatest common divisor of d and 30.
15
Let g be 0/(-2) - 197*-1. Suppose -l = -4*l - 3*w, 3*w = 2*l - 15. Suppose 0 = k - 4, -3*r + l*k + g = -223. Calculate the highest common factor of r and 18.
18
Let q(j) = j**2 + j + 4. Let h be q(0). Suppose -m = -h*m + 210. What is the greatest common factor of m and 10?
10
Let m(t) = 85*t - 2. Let a be m(3). Calculate the greatest common divisor of 23 and a.
23
Suppose 3*z = -12 + 84. Let r be 3/2*80*1. What is the highest common divisor of z and r?
24
Suppose -4*y + 101 - 17 = 0. Calculate the highest common factor of 168 and y.
21
Let i be (-3)/(-2*9/12). Suppose -1 = -i*k + 5. What is the greatest common factor of 12 and k?
3
Suppose 5*k = -2*g + 257, 2*g - 285 = 2*k - 35. Calculate the greatest common factor of g and 18.
18
Let z be (40/(-12))/((-2)/9). Let v = z + -5. What is the highest common factor of v and 10?
10
Let l be ((-2)/1)/(2/(-10)). What is the greatest common divisor of l and 80?
10
Let v = 12 + 46. Calculate the highest common factor of 87 and v.
29
Let s be 28 - (-2)/(-4)*2. Let a(n) = n**2 - 9*n + 6 + 2*n + 4. Let v be a(8). Calculate the highest common factor of s and v.
9
Let a = 155 - 126. Calculate the greatest common divisor of a and 87.
29
Suppose 9 = 5*g - 6. Suppose -2*u + 5 + g = 0. Suppose -20 = -b + 5*p, u*p = -7*b + 2*b + 129. Calculate the greatest common divisor of b and 10.
5
Let s = -36 - -47. What is the highest common factor of s and 88?
11
Suppose 0 = -7*t - 3 + 507. Let n(p) = 2*p - 3. Let f = 8 + -2. Let h be n(f). Calculate the highest common divisor of h and t.
9
Let x = -11 + 15. Let l be (-12)/(-9) + 2/(-6). Let d be (l/((-2)/(-2)))/1. Calculate the greatest common divisor of x and d.
1
Let n(g) = -g**2 - 13*g - 19. Let z be n(-11). Calculate the greatest common divisor of 24 and z.
3
Let y(n) = 22*n**2 + 2*n - 1. Let u be y(1). Suppose 2*z - 73 = 19. Calculate the greatest common factor of z and u.
23
Let z(w) = w**3 + w**2 - 6*w - 2. Let f be z(3). Suppose 2 = -k + f. Calculate the greatest common factor of k and 7.
7
Let o = -2 + 3. Let t(x) = o + x - x - x. Let w be t(-5). Calculate the highest common factor of w and 36.
6
Let v(a) = 3 - 2*a - 5*a**2 + 6*a**2 - 4*a - a. Let f be v(8). Let d be (33/(-6))/((-1)/2). Calculate the greatest common factor of f and d.
11
Suppose -41 = -5*r + 159. Let o = 7 - 4. Suppose 0 = -3*a + 18 - o. Calculate the highest common factor of a and r.
5
Suppose 0 = -2*t + 40 + 10. What is the highest common divisor of 100 and t?
25
Suppose -4*v + 465 = -47. Calculate the greatest common divisor of 16 and v.
16
Suppose -3*l - 12 = -3*p, -5*l + 10 = -5*p - 10*l. Let z be (-90)/((-5)/3 + p). Suppose -75 = -4*o - o. Calculate the greatest common factor of z and o.
15
Let f(i) = 23*i + 7. Let u be f(4). Suppose -3*v + 16 = -11. Calculate the highest common factor of u and v.
9
Suppose 17*l - 14*l = 2403. Suppose -2*g = -2*a + 318, -6*a + 3*g = -a - l. Calculate the highest common divisor of a and 18.
18
Let a be (36/14)/(405/(-70) + 6). What is the highest common divisor of a and 84?
12
Let l be (-228)/20 - (-6)/(-10). Let c = l + 17. Suppose 2*h = 36 + 34. Calculate the highest common factor of h and c.
5
Let y = -3 - -8. What is the highest common divisor of y and 20?
5
Suppose -2*v - 56 = -2*y, 2*y - 2*v = y + 23. Let x = -11 - -33. Calculate the greatest common factor of x and y.
11
Let x(h) = 3*h - 10. Let i(z) = 4*z - 11. Let r(a) = 6*i(a) - 7*x(a). Let q be r(3). Calculate the greatest common divisor of 143 and q.
13
Let h be (6/4)/((-1)/(-8)). Let y(s) = -12*s**3. Let v be y(-2). What is the highest common factor of v and h?
12
Suppose -12*q = -115 - 5. What is the highest common divisor of 20 and q?
10
Suppose -3*a + 3 = 0, 0 = -0*b - b + 2*a. Suppose -4*g - g = r - 265, -118 = -2*g + b*r. Calculate the highest common factor of 6 and g.
6
Suppose 5*p - 40 - 15 = 0. Let s be 328/(-5) - (-4)/(-10). Let u be (s/(-8))/((-6)/(-16)). What is the highest common factor of p and u?
11
Let y = 6 + 36. Let b = -54 + 119. Suppose 5*d - b = 75. Calculate the highest common divisor of d and y.
14
Let f(g) = -g**2 - 12*g. Let y be f(-10). Calculate the highest common factor of y and 4.
4
Let f = -7 + 1. Let r = 9 + f. Suppose a - 81 = -2*a - r*y, -5*y = 4*a - 111. Calculate the highest common divisor of a and 6.
6
Suppose 0*z = 2*y + 4*z + 6, 3*y + 5*z + 5 = 0. Let o = -4 - -8. Suppose -o*b = y - 45. Calculate the greatest common factor of 50 and b.
10
Suppose 5*h = 36 + 24. What is the greatest common divisor of 18 and h?
6
Let i be (-1*(-3)/(-4))/((-9)/144). What is the highest common factor of i and 24?
12
Let y = 183 + -121. What is the greatest common factor of y and 155?
31
Suppose 23 = m + 5*z, m + 3*z = 7*z - 4. Calculate the highest common factor of m and 24.
8
Let z = -18 + 38. What is the highest common divisor of 30 and z?
10
Suppose 3*t + v = 7*t - 39, -t = v - 11. Let o be -4 + 16 - -3*1. Calculate the greatest common factor of t and o.
5
Let o(f) = 36*f - 18. Let n be o(8). What is the greatest common divisor of n and 54?
54
Suppose 2*v = 4*o + 3*v + 32, -4*v = -3*o - 5. Let r = 0 - o. Suppose 2*m = r*m - 35. What is the highest common factor of 63 and m?
7
Let t(l) = 164*l**3 + 3*l**2 - 2*l. Let g be t(1). Calculate the highest common divisor of g and 55.
55
Let x = 93 + -135. Let g(j) = -2*j**2 + 10*j - 7. Let h be g(6). Let m = h - x. What is the highest common factor of 184 and m?
23
Let v be ((-27)/(-6) + -3)*40. Calculate the greatest common factor of v and 24.
12
Let l(n) = 4*n**2 - 2*n + 1. Let w be l(1). Suppose -i = w*i - 104. Let g be 0 + (-80 - -2)/(-2). Calculate the highest common factor of g and i.
13
Let l(t) = t**3 + 7*t**2 + 6*t + 2. Let o be l(-5). What is the greatest common divisor of o and 22?
22
Suppose -6 = -x - 0*x. Let z(b) = 2*b**2 + 8*b + 6. Let f be z(-7). What is the highest common divisor of f and x?
6
Suppose 0 = 5*m - 2*z - 1104, -4*z + 876 = 4*m - 2*z. Suppose 3*k + 3*k - 120 = 0. What is the highest common divisor of m and k?
20
Let x = 52 - 44. Calculate the highest common divisor of x and 72.
8
Suppose -3*j = -4*j + 9. Let g be (-368)/(-8) - (-1)/(-1). Calculate the highest common divisor of g and j.
9
Let j be ((-3)/2)/((-12)/136). Calculate the highest common divisor of j and 153.
17
Let h(j) = -5*j**3. Let g be h(-1). Let l(i) = i**3 + 8*i**2 + 2*i - 5. Let f be l(-6). Calculate the highest common divisor of g and f.
5
Suppose 2*m + 2*m = 20. Suppose 6*b - l = 2*b - m, b - 3*l + 4 = 0. Let z(k) = -55*k - 1. Let o be z(b)